the tens digit of 1780?
8
What is the units digit of 903?
3
What is the hundreds digit of 93744?
7
What is the thousands digit of 3725?
3
What is the hundreds digit of 6937?
9
What is the tens digit of 1758?
5
What is the units digit of 39624?
4
What is the tens digit of 730?
3
What is the thousands digit of 5344?
5
What is the hundreds digit of 33443?
4
What is the hundreds digit of 420?
4
What is the ten thousands digit of 85133?
8
What is the hundreds digit of 867?
8
What is the hundreds digit of 461?
4
What is the units digit of 1201?
1
What is the thousands digit of 1244?
1
What is the units digit of 37?
7
What is the units digit of 828?
8
What is the thousands digit of 18227?
8
What is the thousands digit of 1131?
1
What is the units digit of 2878?
8
What is the units digit of 7557?
7
What is the tens digit of 2365?
6
What is the tens digit of 5834?
3
What is the units digit of 4180?
0
What is the hundreds digit of 27842?
8
What is the tens digit of 16692?
9
What is the units digit of 868?
8
What is the units digit of 7055?
5
What is the hundreds digit of 1678?
6
What is the tens digit of 2090?
9
What is the ten thousands digit of 46760?
4
What is the units digit of 39473?
3
What is the tens digit of 6276?
7
What is the hundreds digit of 21974?
9
What is the thousands digit of 1698?
1
What is the thousands digit of 1413?
1
What is the ten thousands digit of 28984?
2
What is the units digit of 2295?
5
What is the hundreds digit of 8941?
9
What is the hundreds digit of 142?
1
What is the hundreds digit of 32208?
2
What is the hundred thousands digit of 101551?
1
What is the tens digit of 2466?
6
What is the units digit of 107189?
9
What is the tens digit of 23160?
6
What is the hundreds digit of 134806?
8
What is the units digit of 10134?
4
What is the units digit of 6138?
8
What is the tens digit of 7881?
8
What is the hundreds digit of 928?
9
What is the hundreds digit of 1178?
1
What is the hundreds digit of 30760?
7
What is the thousands digit of 41812?
1
What is the ten thousands digit of 87673?
8
What is the tens digit of 17239?
3
What is the units digit of 1859?
9
What is the tens digit of 1692?
9
What is the thousands digit of 1717?
1
What is the hundreds digit of 1365?
3
What is the tens digit of 13333?
3
What is the thousands digit of 4186?
4
What is the units digit of 5974?
4
What is the hundreds digit of 564?
5
What is the hundreds digit of 527?
5
What is the thousands digit of 9306?
9
What is the units digit of 13908?
8
What is the hundreds digit of 10571?
5
What is the hundreds digit of 6970?
9
What is the tens digit of 72?
7
What is the units digit of 10203?
3
What is the hundreds digit of 49401?
4
What is the tens digit of 103324?
2
What is the units digit of 576?
6
What is the tens digit of 353?
5
What is the units digit of 708?
8
What is the hundreds digit of 46420?
4
What is the units digit of 326?
6
What is the hundreds digit of 27836?
8
What is the thousands digit of 9984?
9
What is the units digit of 39719?
9
What is the tens digit of 19909?
0
What is the tens digit of 6697?
9
What is the hundreds digit of 55175?
1
What is the tens digit of 682?
8
What is the hundreds digit of 787?
7
What is the units digit of 39358?
8
What is the tens digit of 821?
2
What is the ten thousands digit of 33791?
3
What is the tens digit of 9372?
7
What is the hundreds digit of 3382?
3
What is the tens digit of 9214?
1
What is the tens digit of 8232?
3
What is the units digit of 48612?
2
What is the ten thousands digit of 59237?
5
What is the thousands digit of 11402?
1
What is the tens digit of 96680?
8
What is the thousands digit of 190705?
0
What is the units digit of 1800?
0
What is the thousands digit of 49869?
9
What is the tens digit of 8663?
6
What is the tens digit of 17912?
1
What is the tens digit of 22672?
7
What is the tens digit of 154671?
7
What is the hundreds digit of 5866?
8
What is the tens digit of 94156?
5
What is the hundreds digit of 795?
7
What is the ten thousands digit of 70090?
7
What is the units digit of 6486?
6
What is the hundreds digit of 6720?
7
What is the thousands digit of 40772?
0
What is the tens digit of 213?
1
What is the units digit of 8910?
0
What is the units digit of 2219?
9
What is the hundreds digit of 2872?
8
What is the tens digit of 314?
1
What is the thousands digit of 4761?
4
What is the hundreds digit of 106470?
4
What is the tens digit of 2993?
9
What is the tens digit of 30371?
7
What is the units digit of 1371?
1
What is the units digit of 1151?
1
What is the units digit of 114?
4
What is the thousands digit of 30184?
0
What is the units digit of 2354?
4
What is the units digit of 7259?
9
What is the hundreds digit of 10836?
8
What is the units digit of 632?
2
What is the ten thousands digit of 55758?
5
What is the tens digit of 4171?
7
What is the tens digit of 34812?
1
What is the tens digit of 17370?
7
What is the units digit of 1194?
4
What is the hundreds digit of 2600?
6
What is the units digit of 84653?
3
What is the units digit of 57377?
7
What is the units digit of 6512?
2
What is the tens digit of 1598?
9
What is the hundreds digit of 17933?
9
What is the units digit of 13707?
7
What is the units digit of 48525?
5
What is the hundreds digit of 2597?
5
What is the hundreds digit of 2558?
5
What is the hundreds digit of 53276?
2
What is the tens digit of 1168?
6
What is the hundreds digit of 4015?
0
What is the units digit of 1312?
2
What is the hundred thousands digit of 134273?
1
What is the tens digit of 87409?
0
What is the thousands digit of 1678?
1
What is the tens digit of 438?
3
What is the units digit of 50095?
5
What is the thousands digit of 126759?
6
What is the hundred thousands digit of 177266?
1
What is the thousands digit of 10781?
0
What is the tens digit of 2783?
8
What is the thousands digit of 144283?
4
What is the units digit of 24241?
1
What is the units digit of 6521?
1
What is the units digit of 785?
5
What is the units digit of 1081?
1
What is the hundreds digit of 115026?
0
What is the tens digit of 127820?
2
What is the hundreds digit of 126?
1
What is the units digit of 106428?
8
What is the tens digit of 8590?
9
What is the units digit of 1003?
3
What is the tens digit of 1799?
9
What is the tens digit of 51242?
4
What is the units digit of 743?
3
What is the units digit of 14722?
2
What is the hundreds digit of 176?
1
What is the tens digit of 5062?
6
What is the thousands digit of 39128?
9
What is the units digit of 26001?
1
What is the tens digit of 697?
9
What is the thousands digit of 179500?
9
What is the hundreds digit of 1073?
0
What is the hundreds digit of 1639?
6
What is the units digit of 716?
6
What is the tens digit of 8910?
1
What is the tens digit of 5200?
0
What is the tens digit of 132788?
8
What is the units digit of 9469?
9
What is the tens digit of 9554?
5
What is the units digit of 730?
0
What is the units digit of 1022?
2
What is the thousands digit of 7509?
7
What is the thousands digit of 1721?
1
What is the thousands digit of 3982?
3
What is the thousands digit of 27259?
7
What is the tens digit of 90?
9
What is the thousands digit of 11168?
1
What is the hundreds digit of 1995?
9
What is the hundreds digit of 38572?
5
What is the hundreds digit of 1820?
8
What is the tens digit of 55545?
4
What is the hundreds digit of 3921?
9
What is the tens digit of 3801?
0
What is the hundreds digit of 58340?
3
What is the tens digit of 7074?
7
What is the thousands digit of 13739?
3
What is the tens digit of 22508?
0
What is the units digit of 208?
8
What is the units digit of 2205?
5
What is the ten thousands digit of 151447?
5
What is the hundreds digit of 2473?
4
What is the units digit of 13016?
6
What is the hundreds digit of 2190?
1
What is the units digit of 2694?
4
What is the thousands digit of 7575?
7
What is the hundreds digit of 682?
6
What is the units digit of 220?
0
What is the units digit of 1898?
8
What is the ten thousands digit of 27881?
2
What is the tens digit of 1807?
0
What is the tens digit of 21305?
0
What is the hundreds digit of 963?
9
What is the tens digit of 150810?
1
What is the units digit of 3461?
1
What is the thousands digit of 4537?
4
What is the hundreds digit of 1972?
9
What is the ten thous